 20. List the prime factors of w.
2, 3
Suppose -w = 1 + 1. Let g be 2/w - -24 - 3. Suppose 0 = h + 3*h - g. What are the prime factors of h?
5
Suppose 11*v - 4147 = -0*v. List the prime factors of v.
13, 29
Suppose -7 - 18 = 5*t - 5*s, -5*t - 2*s - 46 = 0. Suppose -c - 3*q + 12 = 0, 4*c + 4*q - q - 57 = 0. Let u = t + c. What are the prime factors of u?
7
Suppose -149 = -4*n + 5*j, 81 = 3*n - 2*j - 29. Suppose -4*o + 48 = -n. What are the prime factors of (-7)/o + (-56)/(-6)?
3
Suppose 4*d - 4 = 4*m, -4*m + 5*d + 2 = 10. List the prime factors of -2 - (-2 + (-6)/m).
2
Suppose -c - 5 = 4*c, -5*h - 29 = -c. List the prime factors of 110/12 - h/(-36).
3
Let w = 94 + -52. Suppose -3*t + 5*i - 4*i + w = 0, 3*t + 5*i - 60 = 0. What are the prime factors of t?
3, 5
Suppose 1436 = 4*z + 592. What are the prime factors of z?
211
List the prime factors of (-710)/(-25) - 9/(-15).
29
Let q(p) = p**3 - 5*p**2 - 4*p + 9. List the prime factors of q(6).
3, 7
Let k(d) = -12*d + 13. Let l(t) = 35*t - 38. Let u(m) = 8*k(m) + 3*l(m). What are the prime factors of u(4)?
2, 13
Let u(k) = -3 + 0*k - 2*k + 3*k. Let m be u(5). Suppose 11 + 3 = m*b. List the prime factors of b.
7
Suppose 7*z + 44 = 5*x + 4*z, 4*z = -12. What are the prime factors of x?
7
Suppose -5*b + 158 = 3. Let f be b/(-4) - (-6)/(-24). Let u = 2 - f. List the prime factors of u.
2, 5
Let s(x) = -8*x + 0 - 5 + 0. Let l be s(-5). Suppose p - l = -4*p + 5*o, -3*o + 43 = 5*p. List the prime factors of p.
2
Let l = -3 + 12. List the prime factors of l.
3
Let z = 11 - 16. Let r be z/(-2) - 1/2. List the prime factors of (-2 - -3) + (23 - r).
2, 11
Suppose 3*p = -h - 3, -2*p - 1 = 2*h - h. Let l = 5 - h. Suppose l*d - 7*d = -65. What are the prime factors of d?
13
Suppose -3*b + 724 = 4*x, 6*x - x - 256 = -b. List the prime factors of b.
2, 59
Suppose 39 = j - 55. Suppose -3*x + 4*x + 3*k - 20 = 0, -5*k + j = 4*x. List the prime factors of x.
2, 13
Suppose -18 = 4*p - 1054. List the prime factors of p.
7, 37
What are the prime factors of (-294)/(-6) - (0 - -2)?
47
Let h = -4 - -7. Suppose -3*d - h*u + 4 = -7*u, -2*d = 2*u - 12. Let o = 6 - d. List the prime factors of o.
2
Suppose 0*j = j - 2. Suppose -18 + j = -2*v. List the prime factors of v.
2
Let v(m) = -18*m**3 - m**2 - 2*m. List the prime factors of v(-1).
19
Suppose -4986 = 6*b - 24*b. What are the prime factors of b?
277
Let c(z) = -z + 8*z - 5*z - 9*z - 5. What are the prime factors of c(-4)?
23
Let i be (6/8)/(3/348). Let s = 131 - i. Suppose -4*v = -0*v - s. List the prime factors of v.
11
Suppose -15 = -x - 4*w, 2*w + 7 = -3*x + 3*w. What are the prime factors of 2*(x - (-2 + 0))?
2
Let q(o) = -3*o + 18. What are the prime factors of q(-21)?
3
Let k(r) = 3*r**2 + 12*r + 11. What are the prime factors of k(-8)?
107
Suppose 0 = -2*r + 18 + 32. What are the prime factors of r?
5
Let z be 3 - 7/((-28)/32). Let r(o) = o. Let c be r(1). Suppose -z = -4*g + c. List the prime factors of g.
3
Let n(h) = 3*h**2 - h - 1. List the prime factors of n(-4).
3, 17
Let s(n) = 3*n**3 - 2*n + 2. Suppose 0 = 3*x, -x = 5*o + 2*x - 10. List the prime factors of s(o).
2, 11
Suppose 2*x - 5 + 1 = 0. Suppose -3 = 2*u + 3*g, 4*g + 0 + 8 = -x*u. What are the prime factors of u?
2, 3
What are the prime factors of (44/3)/((-3)/(-9))?
2, 11
Suppose -8*z + 1811 + 773 = 0. List the prime factors of z.
17, 19
Let q = -4 + 8. Suppose 0*g - 5*g + 2*s + 70 = 0, 0 = -5*g - q*s + 70. List the prime factors of g.
2, 7
Let r(h) = -3*h**3 - 6*h**2 - 6*h - 6. What are the prime factors of r(-4)?
2, 3, 19
Suppose 0 = 5*t + 2*l - 733, t = 5*t - 2*l - 572. Suppose r = 6*r + t. Let v = 41 + r. What are the prime factors of v?
2, 3
Suppose 2*k - 15 = 3*b, 4*k - 5*b - 14 = 11. Suppose k*d - 51 = -3*a + 3*d, a = -4*d + 22. What are the prime factors of a?
2, 3
Suppose d + 2*t = 10, 5*t - 26 = -3*d - 0*t. Let w(z) = z**d - 7*z - z + 7 + 2*z. List the prime factors of w(5).
2
Suppose -12 = 4*o - 4, -5*y - 5*o = 25. Let n = 3 + y. Suppose -l - 2*k - 11 = -5*k, -4*k + 20 = n. What are the prime factors of l?
2
Suppose r - 67 = -5. What are the prime factors of r?
2, 31
Let w = 4 + 5. Suppose 27 = 3*u + 4*o, -2*u + 3*o = -26 - w. What are the prime factors of u?
13
Suppose 0 = 4*d - 0*q + q - 37, 7 = d - 2*q. Let a(w) be the third derivative of -w**4/24 + 17*w**3/6 + 4*w**2. What are the prime factors of a(d)?
2
Suppose 134 - 30 = 4*c. What are the prime factors of c?
2, 13
Let i(m) = 3*m**2 + 5*m - 2. Let d be i(-5). Let j = d - 32. What are the prime factors of j?
2
Suppose 36 = 2*d + 4*g, 2*d - 2*g - 150 = -3*d. List the prime factors of d.
2, 7
Suppose -4*d - d = 0. Let u = d + 4. Suppose -9 - 7 = -u*t. List the prime factors of t.
2
Suppose 6*d = 4*d + 60. Suppose 0 = 3*o - 0*o - d. What are the prime factors of o?
2, 5
Let i = 75 + -40. List the prime factors of i.
5, 7
Suppose d - 14 = -3*n, -6*d - 5*n + 30 = -d. Let v(j) = j - 2. Let u be v(d). Suppose 5*s - 2*q - 14 = 0, 0 = 2*s - q - u - 6. List the prime factors of s.
2
Suppose -5*m + 7 - 3 = l, -3*m = 3. Let t = -5 + l. Let c(p) = p. List the prime factors of c(t).
2
Let i(g) = -g**2 - 7*g - 6. Let r be i(-6). Suppose 2*w - 5*p = 57, r = -0*w + 4*w - 3*p - 79. Suppose x = -0*x + w. What are the prime factors of x?
2
Suppose -3*i = 2*d - 16, -4*d + 15 - 3 = -4*i. Suppose a + 60 = 5*u, i*u - 24 = a + a. List the prime factors of u.
2, 3
Suppose -5*m - 26 = -2*j - 2*m, -4*j = 4*m - 32. Let s(w) = 10 - w**2 - 7 + j. What are the prime factors of s(0)?
13
Let w = -40 - -43. Let g(j) be the third derivative of j**4/24 + j**2. What are the prime factors of g(w)?
3
Suppose -5*b = -5*j - 60, 2*b + b = -3*j + 60. Let v = b + -10. Suppose -5*i = 20, v*i - 4 = -4*r + i. List the prime factors of r.
2, 3
Let r be (-6)/5 - 4/(-20). Let z be r - (-3)/((-9)/(-42)). Let i = z - 8. List the prime factors of i.
5
Suppose -4*s = 12, 2*t - 9 = -4*s - 7. List the prime factors of t.
7
Suppose -2*f + 10 = 3*f. Suppose -f*i - i = 0. Suppose -4*a - s + 37 = 4*s, a - 2*s - 19 = i. List the prime factors of a.
13
Suppose -3*k - 5*h + 61 = 0, 0*k + 4*k - 66 = h. Suppose -k = -n - 2*r, -5*r + 4 = -r. What are the prime factors of n?
3, 5
What are the prime factors of 2/6 + 3145/51?
2, 31
Suppose 10*j = 5*j. Suppose r + 1 - 20 = j. What are the prime factors of r?
19
Let m(w) = 2*w**2 + 2*w - 4. Let z be m(-9). Suppose -3*d + 3*v - 71 = -5*d, -z = -4*d - 4*v. What are the prime factors of d?
2, 17
Suppose -52*j + 384 = -48*j. What are the prime factors of j?
2, 3
Let y(n) = -n + 9. Let c be y(-10). What are the prime factors of c/(-1 + (-1 - -3))?
19
Let a be 4/(-16) + (-166)/8. Let t be a/9*-3 + -2. Suppose -4*o + t = -47. What are the prime factors of o?
13
Suppose 4*s - 27 = -g, -5*s - 6 - 41 = -3*g. What are the prime factors of g?
19
Let r(l) be the third derivative of l**6/120 + l**5/60 - l**3/6 + l**2. Let j be r(1). Suppose 0 = -a + j + 6. List the prime factors of a.
7
Let l(i) = i**2 + 16*i + 15. List the prime factors of l(-16).
3, 5
Let j be (-142)/(-3) - 16/(-24). Suppose -j = -8*n + 6*n. List the prime factors of n.
2, 3
Let g = -93 - -165. List the prime factors of g.
2, 3
Let z(j) = -j**3 + 2*j**2 - j + 2. Let o be z(-3). What are the prime factors of (-148)/(-5) - (-20)/o?
2, 3, 5
What are the prime factors of ((26/8)/(-1))/((-2)/152)?
13, 19
Suppose 0 = q + q. Let n be (1/3)/((-1)/(-3)). List the prime factors of (1 - q)/n + 9.
2, 5
Suppose -3*y + 307 = 40. List the prime factors of y.
89
Let i(g) = g + 5. Let o be i(-6). Let m = 1 + o. Let n = 17 + m. List the prime factors of n.
17
Let a(p) = p**3 + 5*p**2 - 2*p - 1. Let m be a(3). Suppose 0*x - m = -5*w + 5*x, -7 = -w - x. List the prime factors of w.
2, 5
Suppose -2*a + h + 69 = 0, 0 = -3*a + 4*h + 83 + 33. List the prime factors of a.
2
Let i be (1/2)/(1/14). Let u = 9 - i. What are the prime factors of u?
2
Let n(r) = -4*r + 0 - 3 + 7 + 5*r. Let h be n(-4). Suppose -5*p + 100 = -h*p. What are the prime factors of p?
2, 5
Suppose 2*w - 5*q - 144 = 0, 0*w + 5*w - 5*q = 375. List the prime factors of w.
7, 11
Let s(u) = -u**2 + 7*u + 8. Let b be s(8). Suppose 2*j = 16 - b. List the prime factors of 66/10 - j/(-20).
7
Suppose 0 = -u + 4 - 1. Suppose -2*v + v = 4*o - 232, 5*v + 151 = u*o